{"id":273,"date":"2022-08-22T10:37:45","date_gmt":"2022-08-22T08:37:45","guid":{"rendered":"https:\/\/185.150.8.243\/?page_id=273"},"modified":"2023-03-01T11:33:18","modified_gmt":"2023-03-01T09:33:18","slug":"impressum","status":"publish","type":"page","link":"https:\/\/www.eiprodukte.at\/index.php\/impressum\/","title":{"rendered":"Impressum"},"content":{"rendered":"\t\t<div data-elementor-type=\"wp-page\" data-elementor-id=\"273\" class=\"elementor elementor-273\" data-elementor-post-type=\"page\">\n\t\t\t\t\t\t<section class=\"elementor-section elementor-top-section elementor-element elementor-element-ff138b4 elementor-hidden-tablet elementor-section-boxed elementor-section-height-default elementor-section-height-default elementor-invisible\" data-id=\"ff138b4\" data-element_type=\"section\" data-settings=\"{&quot;animation&quot;:&quot;fadeIn&quot;}\">\n\t\t\t\t\t\t<div class=\"elementor-container elementor-column-gap-default\">\n\t\t\t\t\t<div class=\"elementor-column elementor-col-100 elementor-top-column elementor-element elementor-element-b1d5e08\" data-id=\"b1d5e08\" data-element_type=\"column\">\n\t\t\t<div class=\"elementor-widget-wrap elementor-element-populated\">\n\t\t\t\t\t\t<div class=\"elementor-element elementor-element-c19c7fe elementor-invisible elementor-widget elementor-widget-heading\" data-id=\"c19c7fe\" data-element_type=\"widget\" data-settings=\"{&quot;_animation&quot;:&quot;fadeIn&quot;}\" data-widget_type=\"heading.default\">\n\t\t\t\t<div class=\"elementor-widget-container\">\n\t\t\t\t\t<h2 class=\"elementor-heading-title elementor-size-default\">Impressum<\/h2>\t\t\t\t<\/div>\n\t\t\t\t<\/div>\n\t\t\t\t<div class=\"elementor-element elementor-element-1987b57 elementor-invisible elementor-widget elementor-widget-text-editor\" data-id=\"1987b57\" data-element_type=\"widget\" data-settings=\"{&quot;_animation&quot;:&quot;fadeIn&quot;}\" data-widget_type=\"text-editor.default\">\n\t\t\t\t<div class=\"elementor-widget-container\">\n\t\t\t\t\t\t\t\t\t<p>Angaben gem\u00e4\u00df Informationspflicht laut \u00a75 E-Commerce Gesetz, \u00a714 Unternehmensgesetzbuch, \u00a763 Gewerbeordnung und Offenlegungspflicht laut \u00a725 Mediengesetz.<\/p><p><strong>Verantwortlich f\u00fcr den Inhalt<\/strong><\/p><p>AMERING Salzkammergut Eiprodukte GmbH<br \/>Peintal 27, <br \/>A-4655 Vorchdorf<\/p><p>Tel.: +43 7614 6393<br \/>Fax: +43 7614 6393 -22<\/p><p><a href=\"mailto:office@eiprodukte.at\">office@eiprodukte.at<\/a><\/p><p>Eingetragen beim Firmengericht Wels \u2013 Firmenbuch-Nr 253390h<br \/>UID-Nummer: ATU 69814604<br \/>Mitgliedschaften bei der Wirtschaftskammerorganisation WKO Gmunden<br \/>Berufsrechtliche Vorschriften zu finden unter: Handelsgewerbe<br \/>Aufsichtsbeh\u00f6rde gem. ECG: Bezirkshauptmannschaft Gmunden<\/p><p><strong>Kontaktdaten des Verantwortlichen f\u00fcr Datenschutz<\/strong> <br \/>Sollten Sie Fragen zum Datenschutz haben, kontaktieren Sie uns bitte unter <a href=\"mailto:office@eiprodukte.at\">office@eiprodukte.at<\/a><\/p><p><strong>Gesch\u00e4ftsf\u00fchrung<\/strong><\/p><p>Stefan Recheis<\/p><p>\u00a0<\/p><h4><strong style=\"color: inherit; font-family: inherit; font-size: 1.5rem;\">EU-Streitschlichtung<\/strong><\/h4><p>Gem\u00e4\u00df Verordnung \u00fcber Online-Streitbeilegung in Verbraucherangelegenheiten (ODR-Verordnung) m\u00f6chten wir Sie \u00fcber die Online-Streitbeilegungsplattform (OS-Plattform) informieren.<br \/>Verbraucher haben die M\u00f6glichkeit, Beschwerden an die Online Streitbeilegungsplattform der Europ\u00e4ischen Kommission unter <a href=\"https:\/\/ec.europa.eu\/consumers\/odr\/main\/index.cfm?event=main.home2.show&amp;lng=DE\">https:\/\/ec.europa.eu\/consumers\/odr\/main\/index.cfm?event=main.home2.show&amp;lng=DE<\/a> zu richten. Die daf\u00fcr notwendigen Kontaktdaten finden Sie oberhalb in unserem Impressum.<\/p><p>Wir m\u00f6chten Sie jedoch darauf hinweisen, dass wir nicht bereit oder verpflichtet sind, an Streitbeilegungsverfahren vor einer Verbraucherschlichtungsstelle teilzunehmen.<\/p><h4><strong style=\"color: inherit; font-family: inherit; font-size: 1.5rem;\">Haftung f\u00fcr Inhalte dieser Website<\/strong><\/h4><p>Alle Informationen und Erkl\u00e4rungen dieser Website sind unverbindlich. AMERING Salzkammergut Eiprodukte GmbH \u00fcbernimmt f\u00fcr die Richtigkeit und Vollst\u00e4ndigkeit der Inhalte keine Gew\u00e4hr. Es wird keine Garantie \u00fcbernommen und keine Zusicherung von Produkteigenschaften gemacht. Aus den Inhalten der Internetseiten ergeben sich keine Rechtsanspr\u00fcche. Fehler im Inhalt werden bei Kenntnis dar\u00fcber unverz\u00fcglich korrigiert. Die Inhalte der Internetseiten k\u00f6nnen durch zeitverz\u00f6gerte Aktualisierung nicht permanent aktuell sein. Bitte fragen Sie uns daher zu dem Stand, technischen Details und Lieferbarkeit der Produkte und Dienstleistungen. Links auf andere Internetseiten werden nicht permanent kontrolliert. Somit \u00fcbernehmen wir keine Verantwortung f\u00fcr den Inhalt verlinkter Seiten.<\/p><h4><strong>Urheberrechtshinweis<\/strong><\/h4><p>Alle Inhalte dieser Webseite (Bilder, Fotos, Texte, Videos) unterliegen dem Urheberrecht. Bitte fragen Sie uns bevor Sie die Inhalte dieser Website verbreiten, vervielf\u00e4ltigen oder verwerten wie zum Beispiel auf anderen Websites erneut ver\u00f6ffentlichen. Falls notwendig, werden wir die unerlaubte Nutzung von Teilen der Inhalte unserer Seite rechtlich verfolgen.<\/p><p>Sollten Sie auf dieser Webseite Inhalte finden, die das Urheberrecht verletzen, bitten wir Sie uns zu kontaktieren.<\/p><h4><strong>Schutz pers\u00f6nlicher Daten und Vertraulichkeit<\/strong><\/h4><p>Es kann nicht garantiert werden, dass Informationen oder pers\u00f6nliche Daten, die uns \u00fcbermittelt werden, bei der \u00dcbermittlung nicht von Dritten \u201eabgeh\u00f6rt\u201c werden.<\/p><h4><strong>Haftung<\/strong><\/h4><p>AMERING Salzkammergut Eiprodukte GmbH haftet nicht f\u00fcr Sch\u00e4den insbesondere nicht f\u00fcr unmittelbare oder mittelbare Folgesch\u00e4den, Datenverlust, entgangenen Gewinn, System- oder Produktionsausf\u00e4lle, die durch die Nutzung dieser Internetseiten oder das Herunterladen von Daten entstehen. Liegt bei einem entstandenen Schaden durch die Nutzung der Internetseiten oder das Herunterladen von Daten Vorsatz oder grobe Fahrl\u00e4ssigkeit vor, gilt der Haftungsausschluss nicht. Die durch die Nutzung der Internetseiten entstandene Rechtsbeziehung zwischen Ihnen und AMERING Salzkammergut Eiprodukte GmbH unterliegt dem Recht der Republik \u00d6sterreich. Bei Rechtsstreitigkeiten mit Vollkaufleuten, die aus der Nutzung dieser Internetseiten resultieren, ist der Gerichtsstand von AMERING Salzkammergut Eiprodukte GmbH in Gmunden.<\/p><h4><strong>Erl\u00e4uterungen zum Datenschutz<\/strong><\/h4><p>Sie k\u00f6nnen im Regelfall alle Internetseiten von AMERING Salzkammergut Eiprodukte GmbH aufrufen, ohne Angaben \u00fcber Ihre Person zu machen. Werden im Einzelfall Ihr Name, Ihre Anschrift oder sonstige pers\u00f6nliche Daten ben\u00f6tigt, so werden Sie zuvor darauf hingewiesen. Ihre personenbezogenen Nutzungsdaten werden verwendet, um den Service von AMERING Salzkammergut Eiprodukte GmbH f\u00fcr Sie so angenehm wie m\u00f6glich zu gestalten und zu verbessern.<br \/>Wenn Sie sich entschlie\u00dfen, AMERING Salzkammergut Eiprodukte GmbH pers\u00f6nliche Daten \u00fcber das Internet zu \u00fcberlassen, damit z.B. Korrespondenz abgewickelt oder eine Bestellung ausgef\u00fchrt werden kann, so wird mit diesen Daten nach den strengen Regelungen des Bundesdatenschutzgesetzes (BDSG) sorgf\u00e4ltig umgegangen.<br \/>Durch die Aufrufe der Internetseite erh\u00e4lt AMERING Salzkammergut Eiprodukte GmbH Nutzungsdaten, die f\u00fcr Sicherungszwecke gespeichert werden und m\u00f6glicherweise eine Identifizierung zulassen (zum Beispiel IP-Adresse, Datum, Uhrzeit und betrachtete Seiten). Diese Daten werden von AMERING Salzkammergut Eiprodukte GmbH ausgewertet, um das Nutzerverhalten kennen zu lernen und Statistiken aufzustellen. Dabei werden bei allen Ma\u00dfnahmen die hohen Sicherheitsstandards des Teledienstedatenschutzgesetzes (TDDSG) und der Datenschutzverordnung f\u00fcr Telekommunikationsunternehmen (TDSV) beachtet. Es findet keine personenbezogene Verwertung statt. Die statistische Auswertung anonymisierter Datens\u00e4tze bleibt vorbehalten.<br \/>Weitere Informationen zum Thema Datenschutz in der Republik \u00d6sterreich finden Sie hier:\u00a0<a href=\"http:\/\/www.dsk.gv.at\/\">www.dsk.gv.at<\/a><\/p><h4><strong>Weitergabe personenbezogener Informationen an Dritte<\/strong><\/h4><p>Sollten im Rahmen der Auftragsdatenverarbeitung Daten an Dienstleister weitergegeben werden, so sind diese an das BDSG, andere gesetzliche Vorschriften und vertraglich an die Privacy Policy von AMERING Salzkammergut Eiprodukte GmbH gebunden. Soweit AMERING Salzkammergut Eiprodukte GmbH gesetzlich oder per Gerichtsbeschluss dazu verpflichtet ist, wird sie Ihre Daten im geforderten Umfang an auskunftsberechtigte Stellen \u00fcbermitteln.<br \/>F\u00fcr andere Zwecke gibt AMERING Salzkammergut Eiprodukte GmbH Ihre Daten nicht ohne Ihr ausdr\u00fcckliches Einverst\u00e4ndnis an Dritte weiter.<\/p><h4><strong>Sicherheit<\/strong><\/h4><p>AMERING Salzkammergut Eiprodukte GmbH speichert Ihre Daten auf besonders gesch\u00fctzten Servern in \u00d6sterreich. Der Zugriff darauf ist nur wenigen, von AMERING Salzkammergut Eiprodukte GmbH befugten Personen m\u00f6glich, die mit der technischen, kaufm\u00e4nnischen oder redaktionellen Betreuung dieser Server befasst sind.<\/p><h4><strong>Recht auf Widerruf<\/strong><\/h4><p>Wenn Sie AMERING Salzkammergut Eiprodukte GmbH auffordern, Ihre personenbezogenen Daten nicht f\u00fcr die weitere Kontaktaufnahme zu verwenden und\/oder zu l\u00f6schen, so wird entsprechend verfahren. Daten, die f\u00fcr eine Auftragsabwicklung bzw. zu kaufm\u00e4nnischen Zwecken zwingend erforderlich sind, sind von einer K\u00fcndigung beziehungsweise von einer L\u00f6schung nicht ber\u00fchrt.<br \/>Bitte haben Sie Verst\u00e4ndnis daf\u00fcr, dass im Falle des Widerrufs der personalisierte Service nicht mehr erbracht werden kann, da er auf der Verwendung der Kundendaten aufbaut.<\/p><h4><strong>Einsatz von Cookies<\/strong><\/h4><p>In Cookies werden w\u00e4hrend einer Onlinesitzung Textinformationen gesammelt und in einer speziellen Datei im ASCII-Format (cookie.txt) auf der Festplatte des Benutzers abgelegt. Wohin der Cookie beim Anwender gespeichert wird, kontrolliert der WWW-Browser des Anwenders. Cookies sind Informationen, die bei dem n\u00e4chsten Onlinebesuch an den Server zur\u00fcckgesandt werden. Sie k\u00f6nnen jeweils nur von dem Server, der sie vorher auch abgelegt hat, gelesen werden.<br \/>AMERING Salzkammergut Eiprodukte GmbH setzt Cookies nur dann ein, wenn sie f\u00fcr Benutzerfunktionen dringend erforderlich sind bzw. die Navigation der Websites erleichtern. Die Informationen werden keinem Dritten zur Verf\u00fcgung gestellt, da Cookies nur f\u00fcr die o.g. Zwecke verwendet werden.<br \/>Die meisten Browser sind so eingestellt, dass sie Cookies automatisch akzeptieren. Diese Funktion kann jedoch jederzeit im Browser deaktiviert werden. Sie k\u00f6nnen Ihren Browser so einstellen, dass er Sie benachrichtigt, sobald Cookies gesendet werden.<\/p><h4><strong>Links zu anderen Websites<\/strong><\/h4><p>Die Webseiten von AMERING Salzkammergut Eiprodukte GmbH enthalten gegebenenfalls Links zu anderen Websites. AMERING Salzkammergut Eiprodukte GmbH hat keinen Einfluss auf den redaktionellen Inhalt fremder Webseiten und darauf, dass deren Betreiber die Datenschutzbestimmungen einhalten.<\/p>\t\t\t\t\t\t\t\t<\/div>\n\t\t\t\t<\/div>\n\t\t\t\t\t<\/div>\n\t\t<\/div>\n\t\t\t\t\t<\/div>\n\t\t<\/section>\n\t\t\t\t<\/div>\n\t\t","protected":false},"excerpt":{"rendered":"<p>Impressum Angaben gem\u00e4\u00df Informationspflicht laut \u00a75 E-Commerce Gesetz, \u00a714 Unternehmensgesetzbuch, \u00a763 Gewerbeordnung und Offenlegungspflicht laut \u00a725 Mediengesetz. Verantwortlich f\u00fcr den Inhalt AMERING Salzkammergut Eiprodukte GmbHPeintal 27, A-4655 Vorchdorf Tel.: +43 7614 6393Fax: +43 7614 6393 -22 office@eiprodukte.at Eingetragen beim Firmengericht Wels \u2013 Firmenbuch-Nr 253390hUID-Nummer: ATU 69814604Mitgliedschaften bei der Wirtschaftskammerorganisation WKO GmundenBerufsrechtliche Vorschriften zu finden unter: [&hellip;]<\/p>\n","protected":false},"author":1,"featured_media":0,"parent":0,"menu_order":0,"comment_status":"closed","ping_status":"closed","template":"","meta":{"footnotes":""},"class_list":["post-273","page","type-page","status-publish","hentry"],"_links":{"self":[{"href":"https:\/\/www.eiprodukte.at\/index.php\/wp-json\/wp\/v2\/pages\/273","targetHints":{"allow":["GET"]}}],"collection":[{"href":"https:\/\/www.eiprodukte.at\/index.php\/wp-json\/wp\/v2\/pages"}],"about":[{"href":"https:\/\/www.eiprodukte.at\/index.php\/wp-json\/wp\/v2\/types\/page"}],"author":[{"embeddable":true,"href":"https:\/\/www.eiprodukte.at\/index.php\/wp-json\/wp\/v2\/users\/1"}],"replies":[{"embeddable":true,"href":"https:\/\/www.eiprodukte.at\/index.php\/wp-json\/wp\/v2\/comments?post=273"}],"version-history":[{"count":19,"href":"https:\/\/www.eiprodukte.at\/index.php\/wp-json\/wp\/v2\/pages\/273\/revisions"}],"predecessor-version":[{"id":403,"href":"https:\/\/www.eiprodukte.at\/index.php\/wp-json\/wp\/v2\/pages\/273\/revisions\/403"}],"wp:attachment":[{"href":"https:\/\/www.eiprodukte.at\/index.php\/wp-json\/wp\/v2\/media?parent=273"}],"curies":[{"name":"wp","href":"https:\/\/api.w.org\/{rel}","templated":true}]}}