{"id":280,"date":"2022-08-22T10:40:39","date_gmt":"2022-08-22T08:40:39","guid":{"rendered":"https:\/\/185.150.8.243\/?page_id=280"},"modified":"2025-11-12T18:29:32","modified_gmt":"2025-11-12T16:29:32","slug":"datenschutz","status":"publish","type":"page","link":"https:\/\/www.eiprodukte.at\/index.php\/datenschutz\/","title":{"rendered":"Datenschutz"},"content":{"rendered":"\t\t<div data-elementor-type=\"wp-page\" data-elementor-id=\"280\" class=\"elementor elementor-280\" data-elementor-post-type=\"page\">\n\t\t\t\t\t\t<section class=\"elementor-section elementor-top-section elementor-element elementor-element-ff138b4 elementor-hidden-tablet elementor-section-boxed elementor-section-height-default elementor-section-height-default elementor-invisible\" data-id=\"ff138b4\" data-element_type=\"section\" data-settings=\"{&quot;animation&quot;:&quot;fadeIn&quot;}\">\n\t\t\t\t\t\t<div class=\"elementor-container elementor-column-gap-default\">\n\t\t\t\t\t<div class=\"elementor-column elementor-col-100 elementor-top-column elementor-element elementor-element-b1d5e08\" data-id=\"b1d5e08\" data-element_type=\"column\">\n\t\t\t<div class=\"elementor-widget-wrap elementor-element-populated\">\n\t\t\t\t\t\t<div class=\"elementor-element elementor-element-c19c7fe elementor-invisible elementor-widget elementor-widget-heading\" data-id=\"c19c7fe\" data-element_type=\"widget\" data-settings=\"{&quot;_animation&quot;:&quot;fadeIn&quot;}\" data-widget_type=\"heading.default\">\n\t\t\t\t<div class=\"elementor-widget-container\">\n\t\t\t\t\t<h2 class=\"elementor-heading-title elementor-size-default\">Datenschutzerkl\u00e4rung<\/h2>\t\t\t\t<\/div>\n\t\t\t\t<\/div>\n\t\t\t\t<div class=\"elementor-element elementor-element-1987b57 elementor-invisible elementor-widget elementor-widget-text-editor\" data-id=\"1987b57\" data-element_type=\"widget\" data-settings=\"{&quot;_animation&quot;:&quot;fadeIn&quot;}\" data-widget_type=\"text-editor.default\">\n\t\t\t\t<div class=\"elementor-widget-container\">\n\t\t\t\t\t\t\t\t\t<h4><strong>1. Allgemeines<\/strong><\/h4><p>Wir haben diese Datenschutzerkl\u00e4rung (Fassung 25.08.2022) verfasst, um Ihnen gem\u00e4\u00df der Vorgaben der <a href=\"https:\/\/eur-lex.europa.eu\/legal-content\/DE\/TXT\/HTML\/?uri=CELEX:32016R0679&amp;from=DE&amp;tid=122102413#d1e2269-1-1\">Datenschutz-Grundverordnung (EU) 2016\/679<\/a> und anwendbaren nationalen Gesetzen zu erkl\u00e4ren, welche personenbezogenen Daten (kurz Daten) wir als Verantwortliche \u2013 und die von uns beauftragten Auftragsverarbeiter (z. B. Provider) \u2013 verarbeiten, zuk\u00fcnftig verarbeiten werden und welche rechtm\u00e4\u00dfigen M\u00f6glichkeiten Sie haben. Die verwendeten Begriffe sind geschlechtsneutral zu verstehen.<\/p><p>Die Sicherheit und die streng vertrauliche Behandlung Ihrer Daten steht bei der Firma AMERING an erster Stelle. Zum Schutz Ihrer Daten nutzen wir aus diesem Grunde ausschlie\u00dflich modernste Sicherheitsstandards. Zudem verarbeiten wir Ihre Daten ausschlie\u00dflich auf Grundlage der oben genannten gesetzlichen Bestimmungen.<\/p><p>1.2 Verantwortlicher<\/p><p>Betreiber dieser Website und somit Verantwortlicher der Verarbeitung Ihrer personenbezogenen Daten ist AMERING Salzkammergut Eiprodukte GmbH.<\/p><h4><strong>2. Anwendungsbereich<\/strong><\/h4><p>Diese Datenschutzerkl\u00e4rung gilt f\u00fcr alle von uns im Unternehmen verarbeiteten personenbezogenen Daten und f\u00fcr alle personenbezogenen Daten, die von uns beauftragte Firmen (Auftragsverarbeiter) verarbeiten. Mit personenbezogenen Daten meinen wir Informationen im Sinne des Art. 4 Nr. 1 DSGVO wie zum Beispiel Name, E-Mail-Adresse und postalische Anschrift einer Person. Die Verarbeitung personenbezogener Daten sorgt daf\u00fcr, dass wir unsere Dienstleistungen und Produkte anbieten und abrechnen k\u00f6nnen, sei es online oder offline. Der Anwendungsbereich dieser Datenschutzerkl\u00e4rung umfasst lediglich diese Website. Sollten wir au\u00dferhalb dieser Website mit Ihnen in Rechtsbeziehungen eintreten, werden wir Sie gegebenenfalls gesondert informieren.<\/p><h4><strong>3. Rechtsgrundlagen<\/strong><\/h4><p>In der folgenden Datenschutzerkl\u00e4rung geben wir Ihnen transparente Informationen zu den rechtlichen Grunds\u00e4tzen und Vorschriften, also den Rechtsgrundlagen der Datenschutz-Grundverordnung, die uns erm\u00f6glichen, personenbezogene Daten zu verarbeiten.<br \/>Was das EU-Recht betrifft, beziehen wir uns auf die VERORDNUNG (EU) 2016\/679 DES EUROP\u00c4ISCHEN PARLAMENTS UND DES RATES vom 27. April 2016. Diese Datenschutz-Grundverordnung der EU k\u00f6nnen Sie selbstverst\u00e4ndlich online auf EUR-Lex, dem Zugang zum EU-Recht, unter <a href=\"https:\/\/eur-lex.europa.eu\/legal-content\/DE\/ALL\/?uri=celex%3A32016R0679\">https:\/\/eur-lex.europa.eu\/legal-content\/DE\/ALL\/?uri=celex%3A32016R0679<\/a> nachlesen.<\/p><p>Wir verarbeiten Ihre Daten nur, wenn mindestens eine der folgenden Bedingungen zutrifft:<\/p><ol><li><strong>Einwilligung<\/strong> (Artikel 6 Absatz 1 lit. a DSGVO): Sie haben uns Ihre Einwilligung gegeben, Daten zu einem bestimmten Zweck zu verarbeiten. Ein Beispiel w\u00e4re die Speicherung Ihrer eingegebenen Daten eines Kontaktformulars.<\/li><li><strong>Berechtigte Interessen<\/strong> (Artikel 6 Absatz 1 lit. f DSGVO): Im Falle berechtigter Interessen, die Ihre Grundrechte nicht einschr\u00e4nken, behalten wir uns die Verarbeitung personenbezogener Daten vor. Wir m\u00fcssen zum Beispiel gewisse Daten verarbeiten, um unsere Website sicher und wirtschaftlich effizient betreiben zu k\u00f6nnen. Diese Verarbeitung ist somit ein berechtigtes Interesse.<\/li><\/ol><p>Zus\u00e4tzlich zu der EU-Verordnung gelten auch noch nationale Gesetze: In <strong style=\"background-color: transparent; font-size: var( --e-global-typography-text-font-size ); color: var( --e-global-color-text ); font-family: var( --e-global-typography-text-font-family ), Sans-serif;\">\u00d6sterreich<\/strong><span style=\"background-color: transparent; font-size: var( --e-global-typography-text-font-size ); color: var( --e-global-color-text ); font-family: var( --e-global-typography-text-font-family ), Sans-serif; font-weight: var( --e-global-typography-text-font-weight );\"> ist dies das Bundesgesetz zum Schutz nat\u00fcrlicher Personen bei der Verarbeitung personenbezogener Daten (<\/span><strong style=\"background-color: transparent; font-size: var( --e-global-typography-text-font-size ); color: var( --e-global-color-text ); font-family: var( --e-global-typography-text-font-family ), Sans-serif;\">Datenschutzgesetz<\/strong><span style=\"background-color: transparent; font-size: var( --e-global-typography-text-font-size ); color: var( --e-global-color-text ); font-family: var( --e-global-typography-text-font-family ), Sans-serif; font-weight: var( --e-global-typography-text-font-weight );\">), kurz <\/span><strong style=\"background-color: transparent; font-size: var( --e-global-typography-text-font-size ); color: var( --e-global-color-text ); font-family: var( --e-global-typography-text-font-family ), Sans-serif;\">DSG<\/strong><span style=\"background-color: transparent; font-size: var( --e-global-typography-text-font-size ); color: var( --e-global-color-text ); font-family: var( --e-global-typography-text-font-family ), Sans-serif; font-weight: var( --e-global-typography-text-font-weight );\">.<\/span><\/p><h4><strong>4. Sicherheit der Datenverarbeitung<\/strong><\/h4><p>Um personenbezogene Daten zu sch\u00fctzen, haben wir sowohl technische als auch organisatorische Ma\u00dfnahmen umgesetzt. Wo es uns m\u00f6glich ist, verschl\u00fcsseln oder pseudonymisieren wir personenbezogene Daten. Dadurch machen wir es im Rahmen unserer M\u00f6glichkeiten so schwer wie m\u00f6glich, dass Dritte aus unseren Daten auf pers\u00f6nliche Informationen schlie\u00dfen k\u00f6nnen.<\/p><p>Art. 25 DSGVO spricht hier von \u201cDatenschutz durch Technikgestaltung und durch datenschutzfreundliche Voreinstellungen\u201d und meint damit, dass man sowohl bei Software (z. B. Formularen) also auch Hardware (z. B. Zugang zum Serverraum) immer an Sicherheit denkt und entsprechende Ma\u00dfnahmen setzt. Im Folgenden gehen wir, falls erforderlich, noch auf konkrete Ma\u00dfnahmen ein.<\/p><h4><strong>5. TLS-Verschl\u00fcsselung mit https<\/strong><\/h4><p>Wir verwenden HTTPS (das Hypertext Transfer Protocol Secure steht f\u00fcr \u201esicheres Hypertext-\u00dcbertragungsprotokoll\u201c), um Daten abh\u00f6rsicher im Internet zu \u00fcbertragen.<br \/>Das bedeutet, dass die komplette \u00dcbertragung aller Daten von Ihrem Browser zu unserem Webserver abgesichert ist \u2013 niemand kann \u201cmith\u00f6ren\u201d.<\/p><p>Damit haben wir eine zus\u00e4tzliche Sicherheitsschicht eingef\u00fchrt und erf\u00fcllen den Datenschutz durch Technikgestaltung (<a href=\"https:\/\/eur-lex.europa.eu\/legal-content\/DE\/TXT\/HTML\/?uri=CELEX:32016R0679&amp;from=DE&amp;tid=122102413\">Artikel 25 Absatz 1 DSGVO<\/a>). Durch den Einsatz von TLS (Transport Layer Security), einem Verschl\u00fcsselungsprotokoll zur sicheren Daten\u00fcbertragung im Internet, k\u00f6nnen wir den Schutz vertraulicher Daten sicherstellen.<br \/>Sie erkennen die Benutzung dieser Absicherung der Daten\u00fcbertragung an der Verwendung des Schemas https (anstatt http) als Teil unserer Internetadresse.<\/p><h4><strong>6. Kontakt mit uns<\/strong><\/h4><p>Wenn Sie mit uns Kontakt aufnehmen und per E-Mail oder Online-Formular kommunizieren, kann es zur Verarbeitung personenbezogener Daten kommen. Die Daten werden f\u00fcr die Abwicklung und Bearbeitung Ihrer Frage und des damit zusammenh\u00e4ngenden Gesch\u00e4ftsvorgangs verarbeitet. Die Daten werden eben solange gespeichert bzw. solange es das Gesetz vorschreibt.<\/p><p><strong>Betroffene Personen<\/strong><\/p><p>Von den genannten Vorg\u00e4ngen sind alle betroffen, die \u00fcber die von uns bereit gestellten Kommunikationswege den Kontakt zu uns suchen.<\/p><p><strong>E-Mail<\/strong><\/p><p>Wenn Sie mit uns per E-Mail kommunizieren, werden Daten gegebenenfalls auf dem jeweiligen Endger\u00e4t (Computer, Laptop, Smartphone,\u2026) gespeichert und es kommt zur Speicherung von Daten auf dem E-Mail-Server.<\/p><p><strong>Online Formulare<\/strong><\/p><p>Wenn Sie mit uns mittels Online-Formular kommunizieren, werden Daten auf unserem Webserver gespeichert und gegebenenfalls an eine E-Mail-Adresse von uns weitergeleitet. Die Daten werden gel\u00f6scht, sobald es gesetzliche Vorgaben erlauben.<\/p><h4><strong>7. Cookies<\/strong><\/h4><p><strong>Was sind Cookies?<\/strong><\/p><p>Unsere Website verwendet HTTP-Cookies. Cookies speichern gewisse Nutzerdaten von Ihnen, wie beispielsweise Sprache oder pers\u00f6nliche Seiteneinstellungen. Wenn Sie unsere Seite wieder aufrufen, \u00fcbermittelt Ihr Browser die \u201euserbezogenen\u201c Informationen an unsere Seite zur\u00fcck. Dank der Cookies wei\u00df unsere Website, wer Sie sind und bietet Ihnen die Einstellung, die Sie gewohnt sind.<\/p><p>\u00dcblicherweise werden Sie beim erstmaligen Besuch einer Website gefragt, welche dieser Cookiearten Sie zulassen m\u00f6chten. Und nat\u00fcrlich wird diese Entscheidung auch in einem Cookie gespeichert.<\/p><p>Wenn Sie mehr \u00fcber Cookies wissen m\u00f6chten und technische Dokumentationen nicht scheuen, empfehlen wir <a href=\"https:\/\/datatracker.ietf.org\/doc\/html\/rfc6265\">https:\/\/datatracker.ietf.org\/doc\/html\/rfc6265<\/a>,\u00a0dem Request for Comments der Internet Engineering Task Force (IETF) namens \u201cHTTP State Management Mechanism\u201d.<\/p><p><strong>Welche Daten werden verarbeitet?<\/strong><\/p><ul><li>Name des Servers, der das Datenpaket geschrieben hat<\/li><li>einmalig verliehene ID-Nummer<\/li><li>manchmal ein Enddatum<\/li><\/ul><p><strong>Widerspruchsrecht \u2013 wie kann ich Cookies l\u00f6schen?<\/strong><\/p><p>Wie und ob Sie Cookies verwenden wollen, entscheiden Sie selbst. Unabh\u00e4ngig von welchem Service oder welcher Website die Cookies stammen, haben Sie immer die M\u00f6glichkeit Cookies zu l\u00f6schen, zu deaktivieren oder nur teilweise zuzulassen. Zum Beispiel k\u00f6nnen Sie Cookies von Drittanbietern blockieren, aber alle anderen Cookies zulassen.<\/p><p>Wenn Sie feststellen m\u00f6chten, welche Cookies in Ihrem Browser gespeichert wurden, wenn Sie Cookie-Einstellungen \u00e4ndern oder l\u00f6schen wollen, k\u00f6nnen Sie dies in Ihren Browser-Einstellungen finden.<\/p><p>Falls Sie grunds\u00e4tzlich keine Cookies haben wollen, k\u00f6nnen Sie Ihren Browser so einrichten, dass er Sie immer informiert, wenn ein Cookie gesetzt werden soll. So k\u00f6nnen Sie bei jedem einzelnen Cookie entscheiden, ob Sie das Cookie erlauben oder nicht. Die Vorgangsweise ist je nach Browser verschieden. Am besten Sie suchen die Anleitung in Google mit dem Suchbegriff \u201cCookies l\u00f6schen Chrome\u201d oder \u201cCookies deaktivieren Chrome\u201d im Falle eines Chrome Browsers.<\/p><h4 style=\"font-family: 'Open Sans', sans-serif; color: #19110a;\"><span style=\"font-weight: bolder;\">8. Bewerbungen<\/span><\/h4><div><h5>Zweck und Rechtsgrundlage der Datenverarbeitung<\/h5><\/div><div><p>Wenn Sie sich \u00fcber unser Bewerbungsformular bei der jeweiligen Stelle, per E-Mail (<a href=\"mailto:bewerbung@eiprodukte.at\">bewerbung@eiprodukte.at<\/a>), \u00fcber von Dritten betriebene Plattformen (z.B.\u00a0<a href=\"https:\/\/www.karriere.at\/\">www.karriere.at<\/a>) oder \u00fcber von uns beauftragte Personalvermittler bei uns bewerben, verarbeiten wir die von Ihnen zur Verf\u00fcgung gestellten Daten (z.B. aus Ihrem Lebenslauf, den vorgelegten Dienstzeugnissen, dem Bewerbungsfragebogen, dem Bewerbungsgespr\u00e4ch etc.) zum Zweck des Auswahlverfahrens auf Grundlage Ihrer Einwilligung.<\/p><p>Mit der Vorlage oder \u00dcbermittlung Ihrer Bewerbungsunterlagen stimmen Sie daher zu, dass pers\u00f6nliche Daten wie Name, Titel, Geburtsdatum, Wohnadresse, Telefonnummer, E-Mail-Adresse, Ausbildung, Berufserfahrung, Gehaltsvorstellung und jene Daten und Bilder, die im Bewerbungsschreiben, im Lebenslauf, in den Dienstzeugnissen oder anderen vorgelegten bzw. \u00fcbermittelten Dokumenten enthalten sind, zum Zweck der Erfassung in einer Bewerberdatenbank unseres Unternehmens verarbeitet werden.<\/p><h5>\u00dcbermittlung von Daten<\/h5><p>Ihre Daten werden im Rahmen des Bewerbungsverfahrens absolut vertraulich behandelt und grunds\u00e4tzlich nicht an Dritte weitergegeben. Ausgenommen hiervon sind von uns beauftragte Dienstleister, die uns im Rahmen der technischen Bereitstellung und Wartung unserer IT-Systeme unterst\u00fctzen. Diese Dienstleister verarbeiten personenbezogene Daten ausschlie\u00dflich in unserem Auftrag und auf Grundlage eines Auftragsverarbeitungsvertrages gem. Art. 28 DSGVO<\/p><p>Eine dar\u00fcberhinausgehende Weitergabe Ihrer personenbezogenen Daten erfolgt w\u00e4hrend des Bewerbungsverfahrens nur in Ausnahmef\u00e4llen und mit Ihrer ausdr\u00fccklicher Zustimmung oder wenn dies zur Erf\u00fcllung gesetzlicher Verpflichtungen erforderlich ist (z. B. zur Vorabkl\u00e4rung einer angestrebten Jobf\u00f6rderung). M\u00f6gliche Empf\u00e4nger daf\u00fcr sind insbesondere:<\/p><ul><li>Arbeitsmarktservice<\/li><li>Sozialministeriumservice<\/li><li>Austria Wirtschaftsservice GmbH<\/li><li>[Bei Bewerbung als Lehrling:] Lehrlingsstelle der Wirtschaftskammer<\/li><\/ul><h5>Dauer der Datenspeicherung<\/h5><p>Die angegebenen Daten werden zwecks Bearbeitung der Bewerbung f\u00fcr die Dauer des Auswahlverfahrens in unserer Bewerberdatenbank gespeichert. Dar\u00fcber hinaus bleiben im Falle einer Absage gem\u00e4\u00df den Bestimmungen des Gleichbehandlungsgesetzes die notwendigen Daten i.d.R. weitere sechs Monate gespeichert. F\u00fcr den Fall eines gerichtlichen Verfahrens bleibt die Speicherung der verfahrensrelevanten Daten bis zum rechtskr\u00e4ftigen Abschluss des Verfahrens erhalten. Nach Ablauf der jeweils ma\u00dfgeblichen Fristen werden Ihre Daten gel\u00f6scht, es sei denn, Sie erteilen uns Ihre Einwilligung f\u00fcr eine l\u00e4ngere Speicherung zur Evidenzhaltung f\u00fcr k\u00fcnftige Stellenbesetzungen.<\/p><h5>Datenverarbeitung au\u00dferhalb der EU\/des EWR<\/h5><p>Einige Daten, beispielsweise Bewerberdaten, die \u00fcber Recruiting Plattformen abgegeben werden, werden zumindest zum Teil auch au\u00dferhalb der EU bzw. des EWR verarbeitet. Das angemessene Schutzniveau ergibt sich aus den Bestimmungen der DSGVO (insbesondere aus den Art 45 &#8211; 48).<\/p><h5>Ihre Rechte<\/h5><p>Sie haben folgende datenschutzrechtliche Anspr\u00fcche: Auskunft, Berichtigung, L\u00f6schung, Einschr\u00e4nkung, Widerspruch. Bez\u00fcglich dieser Anspr\u00fcche wenden Sie sich bitte an uns. Sie k\u00f6nnen eine erteilte Einwilligung jederzeit mit Wirkung f\u00fcr die Zukunft widerrufen.<\/p><p>Sie erreichen uns unter <a href=\"mailto:office@eiprodukte.com\">office@eiprodukte.com<\/a>.<\/p><p>Wenn Sie glauben, dass die Verarbeitung Ihrer Daten gegen das Datenschutzrecht verst\u00f6\u00dft oder Ihre datenschutzrechtlichen Anspr\u00fcche in sonstiger Weise verletzt worden sind, haben Sie das Recht, sich bei der Datenschutzbeh\u00f6rde zu beschweren.<\/p><\/div><h4><strong>9. Kontaktdaten des Verantwortlichen<\/strong><\/h4><p>Sollten Sie Fragen zum Datenschutz oder zur Verarbeitung personenbezogener Daten haben, finden Sie nachfolgend die Kontaktdaten der verantwortlichen Person bzw. Stelle:<\/p><p>AMERING Salzkammergut Eiprodukte GmbH<br \/>Peintal 27,<br \/>A-4655 Vorchdorf<\/p><p>Tel.: +43 7614 6393<br \/>Fax: +43 7614 6393 -22<br \/><a href=\"mailto:office@eiprodukte.at\">office@eiprodukte.at<\/a><\/p><p>Impressum: <a href=\"http:\/\/www.eiprodukte.at\/impressum\">www.eiprodukte.at\/impressum<\/a><\/p>\t\t\t\t\t\t\t\t<\/div>\n\t\t\t\t<\/div>\n\t\t\t\t\t<\/div>\n\t\t<\/div>\n\t\t\t\t\t<\/div>\n\t\t<\/section>\n\t\t\t\t<\/div>\n\t\t","protected":false},"excerpt":{"rendered":"<p>Datenschutzerkl\u00e4rung 1. Allgemeines Wir haben diese Datenschutzerkl\u00e4rung (Fassung 25.08.2022) verfasst, um Ihnen gem\u00e4\u00df der Vorgaben der Datenschutz-Grundverordnung (EU) 2016\/679 und anwendbaren nationalen Gesetzen zu erkl\u00e4ren, welche personenbezogenen Daten (kurz Daten) wir als Verantwortliche \u2013 und die von uns beauftragten Auftragsverarbeiter (z. B. Provider) \u2013 verarbeiten, zuk\u00fcnftig verarbeiten werden und welche rechtm\u00e4\u00dfigen M\u00f6glichkeiten Sie haben. Die [&hellip;]<\/p>\n","protected":false},"author":1,"featured_media":0,"parent":0,"menu_order":0,"comment_status":"closed","ping_status":"closed","template":"","meta":{"footnotes":""},"class_list":["post-280","page","type-page","status-publish","hentry"],"_links":{"self":[{"href":"https:\/\/www.eiprodukte.at\/index.php\/wp-json\/wp\/v2\/pages\/280","targetHints":{"allow":["GET"]}}],"collection":[{"href":"https:\/\/www.eiprodukte.at\/index.php\/wp-json\/wp\/v2\/pages"}],"about":[{"href":"https:\/\/www.eiprodukte.at\/index.php\/wp-json\/wp\/v2\/types\/page"}],"author":[{"embeddable":true,"href":"https:\/\/www.eiprodukte.at\/index.php\/wp-json\/wp\/v2\/users\/1"}],"replies":[{"embeddable":true,"href":"https:\/\/www.eiprodukte.at\/index.php\/wp-json\/wp\/v2\/comments?post=280"}],"version-history":[{"count":19,"href":"https:\/\/www.eiprodukte.at\/index.php\/wp-json\/wp\/v2\/pages\/280\/revisions"}],"predecessor-version":[{"id":861,"href":"https:\/\/www.eiprodukte.at\/index.php\/wp-json\/wp\/v2\/pages\/280\/revisions\/861"}],"wp:attachment":[{"href":"https:\/\/www.eiprodukte.at\/index.php\/wp-json\/wp\/v2\/media?parent=280"}],"curies":[{"name":"wp","href":"https:\/\/api.w.org\/{rel}","templated":true}]}}